{"id":911,"date":"2025-09-01T08:48:24","date_gmt":"2025-09-01T08:48:24","guid":{"rendered":"https:\/\/aif.org.es\/?page_id=911"},"modified":"2025-09-01T08:48:25","modified_gmt":"2025-09-01T08:48:25","slug":"programa-de-ocio-y-tiempo-libre","status":"publish","type":"page","link":"https:\/\/www.aif.org.es\/?page_id=911","title":{"rendered":"Programa de ocio y tiempo libre"},"content":{"rendered":"\n<p>Tenemos diferentes actividades de ocio y tiempo libre: un programa para menores de 16 a\u00f1os y uno para mayores de 16 a\u00f1os. Estas actividades est\u00e1n adaptadas al estilo cognitivo de las personas en el espectro del autismo. <\/p>\n\n\n\n<div class=\"wp-block-media-text is-stacked-on-mobile\"><figure class=\"wp-block-media-text__media\"><img loading=\"lazy\" decoding=\"async\" width=\"500\" height=\"500\" src=\"https:\/\/aif.org.es\/wp-content\/uploads\/2025\/09\/ocio.png\" alt=\"\" class=\"wp-image-912 size-full\" srcset=\"https:\/\/www.aif.org.es\/wp-content\/uploads\/2025\/09\/ocio.png 500w, https:\/\/www.aif.org.es\/wp-content\/uploads\/2025\/09\/ocio-300x300.png 300w, https:\/\/www.aif.org.es\/wp-content\/uploads\/2025\/09\/ocio-150x150.png 150w\" sizes=\"auto, (max-width: 500px) 100vw, 500px\" \/><\/figure><div class=\"wp-block-media-text__content\">\n<p>Las actividades para menores de 16 a\u00f1os se realizan los s\u00e1bados por la ma\u00f1ana. Suelen consistir en actividades tem\u00e1ticas, salidas, excursiones, etc. <\/p>\n<\/div><\/div>\n\n\n\n<div class=\"wp-block-media-text is-stacked-on-mobile\"><figure class=\"wp-block-media-text__media\"><img loading=\"lazy\" decoding=\"async\" width=\"1024\" height=\"1024\" src=\"https:\/\/aif.org.es\/wp-content\/uploads\/2025\/09\/marzo-2025-1024x1024.jpg\" alt=\"\" class=\"wp-image-913 size-full\" srcset=\"https:\/\/www.aif.org.es\/wp-content\/uploads\/2025\/09\/marzo-2025-1024x1024.jpg 1024w, https:\/\/www.aif.org.es\/wp-content\/uploads\/2025\/09\/marzo-2025-300x300.jpg 300w, https:\/\/www.aif.org.es\/wp-content\/uploads\/2025\/09\/marzo-2025-150x150.jpg 150w, https:\/\/www.aif.org.es\/wp-content\/uploads\/2025\/09\/marzo-2025-768x768.jpg 768w, https:\/\/www.aif.org.es\/wp-content\/uploads\/2025\/09\/marzo-2025-660x660.jpg 660w, https:\/\/www.aif.org.es\/wp-content\/uploads\/2025\/09\/marzo-2025.jpg 1080w\" sizes=\"auto, (max-width: 1024px) 100vw, 1024px\" \/><\/figure><div class=\"wp-block-media-text__content\">\n<p>Las actividades para mayores de 16 a\u00f1os se suelen hacer los jueves por la tarde. Estas actividades son votadas por las personas participantes y organizadas por el equipo t\u00e9cnico de la asociaci\u00f3n. <\/p>\n<\/div><\/div>\n\n\n\n<p>Si te interesa particiapr en este tipo de actividades puedes ponerte en <a href=\"https:\/\/aif.org.es\/?page_id=475\" data-type=\"page\" data-id=\"475\">contacto con nosotras. <\/a><\/p>\n","protected":false},"excerpt":{"rendered":"<p>Tenemos diferentes actividades de ocio y tiempo libre: un programa para menores de 16 a\u00f1os y uno para mayores de 16 a\u00f1os. Estas actividades est\u00e1n adaptadas al estilo cognitivo de las personas en el espectro del autismo. Las actividades para menores de 16 a\u00f1os se realizan los s\u00e1bados por la ma\u00f1ana. Suelen consistir en actividades\u2026 <span class=\"read-more\"><a href=\"https:\/\/www.aif.org.es\/?page_id=911\">Leer m\u00e1s &raquo;<\/a><\/span><\/p>\n","protected":false},"author":1,"featured_media":0,"parent":0,"menu_order":0,"comment_status":"closed","ping_status":"closed","template":"","meta":{"footnotes":""},"class_list":["post-911","page","type-page","status-publish","hentry"],"_links":{"self":[{"href":"https:\/\/www.aif.org.es\/index.php?rest_route=\/wp\/v2\/pages\/911","targetHints":{"allow":["GET"]}}],"collection":[{"href":"https:\/\/www.aif.org.es\/index.php?rest_route=\/wp\/v2\/pages"}],"about":[{"href":"https:\/\/www.aif.org.es\/index.php?rest_route=\/wp\/v2\/types\/page"}],"author":[{"embeddable":true,"href":"https:\/\/www.aif.org.es\/index.php?rest_route=\/wp\/v2\/users\/1"}],"replies":[{"embeddable":true,"href":"https:\/\/www.aif.org.es\/index.php?rest_route=%2Fwp%2Fv2%2Fcomments&post=911"}],"version-history":[{"count":1,"href":"https:\/\/www.aif.org.es\/index.php?rest_route=\/wp\/v2\/pages\/911\/revisions"}],"predecessor-version":[{"id":914,"href":"https:\/\/www.aif.org.es\/index.php?rest_route=\/wp\/v2\/pages\/911\/revisions\/914"}],"wp:attachment":[{"href":"https:\/\/www.aif.org.es\/index.php?rest_route=%2Fwp%2Fv2%2Fmedia&parent=911"}],"curies":[{"name":"wp","href":"https:\/\/api.w.org\/{rel}","templated":true}]}}