{"id":873,"date":"2025-09-01T07:23:13","date_gmt":"2025-09-01T07:23:13","guid":{"rendered":"https:\/\/aif.org.es\/?page_id=873"},"modified":"2025-10-01T14:40:40","modified_gmt":"2025-10-01T14:40:40","slug":"nuestro-equipo-2","status":"publish","type":"page","link":"https:\/\/www.aif.org.es\/?page_id=873","title":{"rendered":"Nuestro equipo"},"content":{"rendered":"\n<p class=\"has-medium-font-size\">EQUIPO T\u00c9CNICO<\/p>\n\n\n\n<p>Actualmente en AIF trabajamos un equipo de 8 personas. En esta foto estamos todo el equipo: <\/p>\n\n\n\n<figure class=\"wp-block-gallery has-nested-images columns-default is-cropped wp-block-gallery-1 is-layout-flex wp-block-gallery-is-layout-flex\">\n<figure class=\"wp-block-image size-large\"><img loading=\"lazy\" decoding=\"async\" width=\"1024\" height=\"576\" data-id=\"987\" src=\"https:\/\/aif.org.es\/wp-content\/uploads\/2025\/10\/foto-equipo-2025-1-1024x576.jpg\" alt=\"\" class=\"wp-image-987\" srcset=\"https:\/\/www.aif.org.es\/wp-content\/uploads\/2025\/10\/foto-equipo-2025-1-1024x576.jpg 1024w, https:\/\/www.aif.org.es\/wp-content\/uploads\/2025\/10\/foto-equipo-2025-1-300x169.jpg 300w, https:\/\/www.aif.org.es\/wp-content\/uploads\/2025\/10\/foto-equipo-2025-1-768x432.jpg 768w, https:\/\/www.aif.org.es\/wp-content\/uploads\/2025\/10\/foto-equipo-2025-1-1536x864.jpg 1536w, https:\/\/www.aif.org.es\/wp-content\/uploads\/2025\/10\/foto-equipo-2025-1-660x371.jpg 660w, https:\/\/www.aif.org.es\/wp-content\/uploads\/2025\/10\/foto-equipo-2025-1.jpg 1920w\" sizes=\"auto, (max-width: 1024px) 100vw, 1024px\" \/><\/figure>\n<\/figure>\n\n\n\n<p class=\"has-medium-font-size\">JUNTA DIRECTIVA <\/p>\n\n\n\n<p>La Junta Directiva de la asociaci\u00f3n est\u00e1 formada por 8 personas que representan a todas las personas asociadas. Mar\u00eda Rosa Castela Rubio es actualmente nuestra presidenta.  <\/p>\n\n\n\n<figure class=\"wp-block-image size-large is-resized\"><img loading=\"lazy\" decoding=\"async\" width=\"1024\" height=\"473\" src=\"https:\/\/aif.org.es\/wp-content\/uploads\/2025\/10\/nueva-junta-1024x473.jpg\" alt=\"\" class=\"wp-image-988\" style=\"width:716px;height:auto\" srcset=\"https:\/\/www.aif.org.es\/wp-content\/uploads\/2025\/10\/nueva-junta-1024x473.jpg 1024w, https:\/\/www.aif.org.es\/wp-content\/uploads\/2025\/10\/nueva-junta-300x139.jpg 300w, https:\/\/www.aif.org.es\/wp-content\/uploads\/2025\/10\/nueva-junta-768x355.jpg 768w, https:\/\/www.aif.org.es\/wp-content\/uploads\/2025\/10\/nueva-junta-1536x710.jpg 1536w, https:\/\/www.aif.org.es\/wp-content\/uploads\/2025\/10\/nueva-junta-2048x946.jpg 2048w, https:\/\/www.aif.org.es\/wp-content\/uploads\/2025\/10\/nueva-junta-660x305.jpg 660w\" sizes=\"auto, (max-width: 1024px) 100vw, 1024px\" \/><\/figure>\n","protected":false},"excerpt":{"rendered":"<p>EQUIPO T\u00c9CNICO Actualmente en AIF trabajamos un equipo de 8 personas. En esta foto estamos todo el equipo: JUNTA DIRECTIVA La Junta Directiva de la asociaci\u00f3n est\u00e1 formada por 8 personas que representan a todas las personas asociadas. Mar\u00eda Rosa Castela Rubio es actualmente nuestra presidenta.<\/p>\n","protected":false},"author":1,"featured_media":0,"parent":0,"menu_order":0,"comment_status":"closed","ping_status":"closed","template":"","meta":{"footnotes":""},"class_list":["post-873","page","type-page","status-publish","hentry"],"_links":{"self":[{"href":"https:\/\/www.aif.org.es\/index.php?rest_route=\/wp\/v2\/pages\/873","targetHints":{"allow":["GET"]}}],"collection":[{"href":"https:\/\/www.aif.org.es\/index.php?rest_route=\/wp\/v2\/pages"}],"about":[{"href":"https:\/\/www.aif.org.es\/index.php?rest_route=\/wp\/v2\/types\/page"}],"author":[{"embeddable":true,"href":"https:\/\/www.aif.org.es\/index.php?rest_route=\/wp\/v2\/users\/1"}],"replies":[{"embeddable":true,"href":"https:\/\/www.aif.org.es\/index.php?rest_route=%2Fwp%2Fv2%2Fcomments&post=873"}],"version-history":[{"count":2,"href":"https:\/\/www.aif.org.es\/index.php?rest_route=\/wp\/v2\/pages\/873\/revisions"}],"predecessor-version":[{"id":989,"href":"https:\/\/www.aif.org.es\/index.php?rest_route=\/wp\/v2\/pages\/873\/revisions\/989"}],"wp:attachment":[{"href":"https:\/\/www.aif.org.es\/index.php?rest_route=%2Fwp%2Fv2%2Fmedia&parent=873"}],"curies":[{"name":"wp","href":"https:\/\/api.w.org\/{rel}","templated":true}]}}