{"id":801,"date":"2025-08-27T15:06:29","date_gmt":"2025-08-27T15:06:29","guid":{"rendered":"https:\/\/aif.org.es\/?page_id=801"},"modified":"2025-08-27T15:24:50","modified_gmt":"2025-08-27T15:24:50","slug":"atencion-integral-y-promocion-de-la-autonomia-saipap","status":"publish","type":"page","link":"https:\/\/www.aif.org.es\/?page_id=801","title":{"rendered":"Atenci\u00f3n Integral y promoci\u00f3n de la autonom\u00eda (SAIPAP)"},"content":{"rendered":"\n<div class=\"wp-block-columns is-layout-flex wp-container-core-columns-is-layout-9d6595d7 wp-block-columns-is-layout-flex\">\n<div class=\"wp-block-column is-layout-flow wp-block-column-is-layout-flow\">\n<p>El SAIPAP es un servicio que tiene el fin de conseguir el desarrollo integral de los ni\u00f1os\/as desde los 6 a los 16 a\u00f1os con discapacidad y con diagn\u00f3stico de TEA de la isla de Ibiza. <br>Para ello se realiza una intervenci\u00f3n directa (intervenci\u00f3n individual, grupos HHSS, actividades de autonom\u00eda, actividades de ocio, etc.), adem\u00e1s de un apoyo a las familias, una coordinaci\u00f3n con centros educativos y con otros recursos socio comunitarios. <\/p>\n<\/div>\n\n\n\n<div class=\"wp-block-column is-layout-flow wp-block-column-is-layout-flow\">\n<figure class=\"wp-block-gallery has-nested-images columns-default is-cropped wp-block-gallery-1 is-layout-flex wp-block-gallery-is-layout-flex\">\n<figure class=\"wp-block-image size-large\"><img loading=\"lazy\" decoding=\"async\" width=\"538\" height=\"467\" data-id=\"803\" src=\"https:\/\/aif.org.es\/wp-content\/uploads\/2025\/08\/saipap-.jpg\" alt=\"\" class=\"wp-image-803\" srcset=\"https:\/\/www.aif.org.es\/wp-content\/uploads\/2025\/08\/saipap-.jpg 538w, https:\/\/www.aif.org.es\/wp-content\/uploads\/2025\/08\/saipap--300x260.jpg 300w\" sizes=\"auto, (max-width: 538px) 100vw, 538px\" \/><\/figure>\n<\/figure>\n<\/div>\n<\/div>\n\n\n\n<div class=\"wp-block-file\"><a id=\"wp-block-file--media-8bcda6cb-403e-47ab-afbe-fd584603a034\" href=\"https:\/\/aif.org.es\/wp-content\/uploads\/2025\/08\/SAIPAP-AIF.pdf\">Folleto informativo SAIPAP AIF<\/a><a href=\"https:\/\/aif.org.es\/wp-content\/uploads\/2025\/08\/SAIPAP-AIF.pdf\" class=\"wp-block-file__button wp-element-button\" download aria-describedby=\"wp-block-file--media-8bcda6cb-403e-47ab-afbe-fd584603a034\">Descarga<\/a><\/div>\n\n\n\n<p>Para tener m\u00e1s informaci\u00f3n sobre este servicio puedes ponerte en <a href=\"https:\/\/aif.org.es\/?page_id=475\" data-type=\"page\" data-id=\"475\">contacto con nosotros. <\/a><\/p>\n\n\n\n<p><\/p>\n","protected":false},"excerpt":{"rendered":"<p>El SAIPAP es un servicio que tiene el fin de conseguir el desarrollo integral de los ni\u00f1os\/as desde los 6 a los 16 a\u00f1os con discapacidad y con diagn\u00f3stico de TEA de la isla de Ibiza. Para ello se realiza una intervenci\u00f3n directa (intervenci\u00f3n individual, grupos HHSS, actividades de autonom\u00eda, actividades de ocio, etc.), adem\u00e1s\u2026 <span class=\"read-more\"><a href=\"https:\/\/www.aif.org.es\/?page_id=801\">Leer m\u00e1s &raquo;<\/a><\/span><\/p>\n","protected":false},"author":1,"featured_media":0,"parent":0,"menu_order":0,"comment_status":"closed","ping_status":"closed","template":"","meta":{"footnotes":""},"class_list":["post-801","page","type-page","status-publish","hentry"],"_links":{"self":[{"href":"https:\/\/www.aif.org.es\/index.php?rest_route=\/wp\/v2\/pages\/801","targetHints":{"allow":["GET"]}}],"collection":[{"href":"https:\/\/www.aif.org.es\/index.php?rest_route=\/wp\/v2\/pages"}],"about":[{"href":"https:\/\/www.aif.org.es\/index.php?rest_route=\/wp\/v2\/types\/page"}],"author":[{"embeddable":true,"href":"https:\/\/www.aif.org.es\/index.php?rest_route=\/wp\/v2\/users\/1"}],"replies":[{"embeddable":true,"href":"https:\/\/www.aif.org.es\/index.php?rest_route=%2Fwp%2Fv2%2Fcomments&post=801"}],"version-history":[{"count":4,"href":"https:\/\/www.aif.org.es\/index.php?rest_route=\/wp\/v2\/pages\/801\/revisions"}],"predecessor-version":[{"id":820,"href":"https:\/\/www.aif.org.es\/index.php?rest_route=\/wp\/v2\/pages\/801\/revisions\/820"}],"wp:attachment":[{"href":"https:\/\/www.aif.org.es\/index.php?rest_route=%2Fwp%2Fv2%2Fmedia&parent=801"}],"curies":[{"name":"wp","href":"https:\/\/api.w.org\/{rel}","templated":true}]}}