{"id":789,"date":"2025-08-27T14:48:41","date_gmt":"2025-08-27T14:48:41","guid":{"rendered":"https:\/\/aif.org.es\/?page_id=789"},"modified":"2025-08-27T14:57:32","modified_gmt":"2025-08-27T14:57:32","slug":"dianostico-de-autismo-en-la-edad-adulta","status":"publish","type":"page","link":"https:\/\/www.aif.org.es\/?page_id=789","title":{"rendered":"Dian\u00f3stico de autismo en la edad adulta"},"content":{"rendered":"\n<div class=\"wp-block-columns is-layout-flex wp-container-core-columns-is-layout-9d6595d7 wp-block-columns-is-layout-flex\">\n<div class=\"wp-block-column is-layout-flow wp-block-column-is-layout-flow\" style=\"flex-basis:33.33%\">\n<figure class=\"wp-block-image size-full\"><img loading=\"lazy\" decoding=\"async\" width=\"500\" height=\"500\" src=\"https:\/\/aif.org.es\/wp-content\/uploads\/2025\/08\/personas-con-autismo.png\" alt=\"\" class=\"wp-image-790\" srcset=\"https:\/\/www.aif.org.es\/wp-content\/uploads\/2025\/08\/personas-con-autismo.png 500w, https:\/\/www.aif.org.es\/wp-content\/uploads\/2025\/08\/personas-con-autismo-300x300.png 300w, https:\/\/www.aif.org.es\/wp-content\/uploads\/2025\/08\/personas-con-autismo-150x150.png 150w\" sizes=\"auto, (max-width: 500px) 100vw, 500px\" \/><\/figure>\n<\/div>\n\n\n\n<div class=\"wp-block-column is-layout-flow wp-block-column-is-layout-flow\" style=\"flex-basis:66.66%\">\n<p>Cada vez hay m\u00e1s personas adultas que buscan una evaluaci\u00f3n diagn\u00f3stica de autismo.  Hasta hace muy poco tiempo no ten\u00edamos mucha informaci\u00f3n de lo que era el autismo en esta etapa vital y se asociaba exclusivamente a la infancia.<\/p>\n\n\n\n<p>Actualmente muchas personas est\u00e1 accediendo a una evaluaci\u00f3n y a un diagn\u00f3stico, para as\u00ed tener respuestas y recursos de apoyo que favorezcan su bienestar. <\/p>\n\n\n\n<p>La evaluaci\u00f3n diagn\u00f3stica se realiza en varias citas presenciales. En ellas se realizan diferentes pruebas (ADOS-2, ADI-R, etc.) y entrevistas. Al final del proceso se hace entrega de un informe de evaluaci\u00f3n. <\/p>\n<\/div>\n<\/div>\n","protected":false},"excerpt":{"rendered":"<p>Cada vez hay m\u00e1s personas adultas que buscan una evaluaci\u00f3n diagn\u00f3stica de autismo. Hasta hace muy poco tiempo no ten\u00edamos mucha informaci\u00f3n de lo que era el autismo en esta etapa vital y se asociaba exclusivamente a la infancia. Actualmente muchas personas est\u00e1 accediendo a una evaluaci\u00f3n y a un diagn\u00f3stico, para as\u00ed tener respuestas\u2026 <span class=\"read-more\"><a href=\"https:\/\/www.aif.org.es\/?page_id=789\">Leer m\u00e1s &raquo;<\/a><\/span><\/p>\n","protected":false},"author":1,"featured_media":0,"parent":0,"menu_order":0,"comment_status":"closed","ping_status":"closed","template":"","meta":{"footnotes":""},"class_list":["post-789","page","type-page","status-publish","hentry"],"_links":{"self":[{"href":"https:\/\/www.aif.org.es\/index.php?rest_route=\/wp\/v2\/pages\/789","targetHints":{"allow":["GET"]}}],"collection":[{"href":"https:\/\/www.aif.org.es\/index.php?rest_route=\/wp\/v2\/pages"}],"about":[{"href":"https:\/\/www.aif.org.es\/index.php?rest_route=\/wp\/v2\/types\/page"}],"author":[{"embeddable":true,"href":"https:\/\/www.aif.org.es\/index.php?rest_route=\/wp\/v2\/users\/1"}],"replies":[{"embeddable":true,"href":"https:\/\/www.aif.org.es\/index.php?rest_route=%2Fwp%2Fv2%2Fcomments&post=789"}],"version-history":[{"count":2,"href":"https:\/\/www.aif.org.es\/index.php?rest_route=\/wp\/v2\/pages\/789\/revisions"}],"predecessor-version":[{"id":799,"href":"https:\/\/www.aif.org.es\/index.php?rest_route=\/wp\/v2\/pages\/789\/revisions\/799"}],"wp:attachment":[{"href":"https:\/\/www.aif.org.es\/index.php?rest_route=%2Fwp%2Fv2%2Fmedia&parent=789"}],"curies":[{"name":"wp","href":"https:\/\/api.w.org\/{rel}","templated":true}]}}