{"id":409,"date":"2022-07-25T09:24:29","date_gmt":"2022-07-25T09:24:29","guid":{"rendered":"https:\/\/www.aif.org.es\/?page_id=409"},"modified":"2022-07-25T10:34:41","modified_gmt":"2022-07-25T10:34:41","slug":"inclusio-social-de-lalumnat-tea-trastorn-de-lespectre-de-lautisme-patis-i-suport-entre-iguals","status":"publish","type":"page","link":"https:\/\/www.aif.org.es\/?page_id=409","title":{"rendered":"Inclusi\u00f3 social de l\u00b4alumnat TEA: Patis i suport entre iguals"},"content":{"rendered":"\n<p>Curs escolar: 2022\/2023<br>L\u00ednia estrat\u00e8gica: Pla 20-24 1 Metodologies i avaluaci\u00f3 competencials i inclusives<br>Modalitat: Activitat puntual de formaci\u00f3<br>\u00c0mbit: Auton\u00f2mic<br>\u00c0rea: Atenci\u00f3 a la diversitat<br>Forma de participaci\u00f3: <strong>A dist\u00e0ncia, online<\/strong>.<br>Hores totals: <strong>8<\/strong><br>Cost: <strong>20 euros<\/strong><br>Calendari i horari: <strong>23 i 30 setembre, divendres 16-20 h<\/strong><\/p>\n\n\n\n<p><strong>Objectius:<\/strong> <\/p>\n\n\n\n<ul class=\"wp-block-list\"><li>Con\u00e8ixer les caracter\u00edstiques generals de l\u00b4alumnat TEA i en particular les<br>relacionades amb la socialitzaci\u00f3.<\/li><li>Con\u00e8ixer el model TEACCH per millorar la socialitzaci\u00f3 de l\u00b4alumnat TEA.<\/li><li>Adquirir les eines necess\u00e0ries per posar en marxa un programa de patis.<\/li><li>Adquirir les eines necess\u00e0ries per posar en marxa una intervenci\u00f3 mediada per iguals:<br>cercle d\u00b4amics i suport entre iguals.<\/li><\/ul>\n\n\n\n<p><strong>Continguts: <\/strong><\/p>\n\n\n\n<ul class=\"wp-block-list\"><li>Introducci\u00f3: Caracter\u00edstiques de l\u00b4alumnat TEA.<\/li><li>Model TEACCH i la inclusi\u00f3 social.<\/li><li>Programes de patis.<\/li><li>Intervencions mediades per iguals.<br><\/li><\/ul>\n\n\n\n<p><strong>Formadors:<\/strong><\/p>\n\n\n\n<p>Mar\u00eda del Mar Ferre Aguilera<br>Psic\u00f2loga especialista en intervenci\u00f3 amb persones TEA. Coordinadora Associaci\u00f3 Asperger Eivissa i Formentera.<\/p>\n\n\n\n<p><strong><a href=\"https:\/\/forms.gle\/RYnET7rd9qxDSeRF6\" target=\"_blank\" rel=\"noreferrer noopener\">Enlla\u00e7 per realitzar la inscripci\u00f3<\/a><\/strong><\/p>\n\n\n\n<p>Pago d\u2019inscripci\u00f3 mitjan\u00e7ant:<\/p>\n\n\n\n<ul class=\"wp-block-list\"><li>Transfer\u00e8ncia al compte ES05 2056 0015 6010 0179 6125 <\/li><\/ul>\n\n\n\n<ul class=\"wp-block-list\"><li>Bizum donativu amb el codi 02335<\/li><\/ul>\n\n\n\n<p>Envia el justificant al correu: <em>administracion@aif.org.es <\/em><\/p>\n","protected":false},"excerpt":{"rendered":"<p>Curs escolar: 2022\/2023L\u00ednia estrat\u00e8gica: Pla 20-24 1 Metodologies i avaluaci\u00f3 competencials i inclusivesModalitat: Activitat puntual de formaci\u00f3\u00c0mbit: Auton\u00f2mic\u00c0rea: Atenci\u00f3 a la diversitatForma de participaci\u00f3: A dist\u00e0ncia, online.Hores totals: 8Cost: 20 eurosCalendari i horari: 23 i 30 setembre, divendres 16-20 h Objectius: Con\u00e8ixer les caracter\u00edstiques generals de l\u00b4alumnat TEA i en particular lesrelacionades amb la socialitzaci\u00f3.\u2026 <span class=\"read-more\"><a href=\"https:\/\/www.aif.org.es\/?page_id=409\">Leer m\u00e1s &raquo;<\/a><\/span><\/p>\n","protected":false},"author":1,"featured_media":0,"parent":0,"menu_order":0,"comment_status":"closed","ping_status":"closed","template":"","meta":{"footnotes":""},"class_list":["post-409","page","type-page","status-publish","hentry"],"_links":{"self":[{"href":"https:\/\/www.aif.org.es\/index.php?rest_route=\/wp\/v2\/pages\/409","targetHints":{"allow":["GET"]}}],"collection":[{"href":"https:\/\/www.aif.org.es\/index.php?rest_route=\/wp\/v2\/pages"}],"about":[{"href":"https:\/\/www.aif.org.es\/index.php?rest_route=\/wp\/v2\/types\/page"}],"author":[{"embeddable":true,"href":"https:\/\/www.aif.org.es\/index.php?rest_route=\/wp\/v2\/users\/1"}],"replies":[{"embeddable":true,"href":"https:\/\/www.aif.org.es\/index.php?rest_route=%2Fwp%2Fv2%2Fcomments&post=409"}],"version-history":[{"count":5,"href":"https:\/\/www.aif.org.es\/index.php?rest_route=\/wp\/v2\/pages\/409\/revisions"}],"predecessor-version":[{"id":432,"href":"https:\/\/www.aif.org.es\/index.php?rest_route=\/wp\/v2\/pages\/409\/revisions\/432"}],"wp:attachment":[{"href":"https:\/\/www.aif.org.es\/index.php?rest_route=%2Fwp%2Fv2%2Fmedia&parent=409"}],"curies":[{"name":"wp","href":"https:\/\/api.w.org\/{rel}","templated":true}]}}

Inclusió social de l´alumnat TEA: Patis i suport entre iguals

<p>Curs escolar: 2022/2023<br>Línia estratègica: Pla 20-24 1 Metodologies i avaluació competencials i inclusives<br>Modalitat: Activitat puntual de formació<br>Àmbit: Autonòmic<br>Àrea: Atenció a la diversitat<br>Forma de participació: <strong>A distància, online</strong>.<br>Hores totals: <strong>8</strong><br>Cost: <strong>20 euros</strong><br>Calendari i horari: <strong>23 i 30 setembre, divendres 16-20 h</strong></p>



<p><strong>Objectius:</strong> </p>



<ul class="wp-block-list"><li>Conèixer les característiques generals de l´alumnat TEA i en particular les<br>relacionades amb la socialització.</li><li>Conèixer el model TEACCH per millorar la socialització de l´alumnat TEA.</li><li>Adquirir les eines necessàries per posar en marxa un programa de patis.</li><li>Adquirir les eines necessàries per posar en marxa una intervenció mediada per iguals:<br>cercle d´amics i suport entre iguals.</li></ul>



<p><strong>Continguts: </strong></p>



<ul class="wp-block-list"><li>Introducció: Característiques de l´alumnat TEA.</li><li>Model TEACCH i la inclusió social.</li><li>Programes de patis.</li><li>Intervencions mediades per iguals.<br></li></ul>



<p><strong>Formadors:</strong></p>



<p>María del Mar Ferre Aguilera<br>Psicòloga especialista en intervenció amb persones TEA. Coordinadora Associació Asperger Eivissa i Formentera.</p>



<p><strong><a href="https://forms.gle/RYnET7rd9qxDSeRF6" target="_blank" rel="noreferrer noopener">Enllaç per realitzar la inscripció</a></strong></p>



<p>Pago d’inscripció mitjançant:</p>



<ul class="wp-block-list"><li>Transferència al compte ES05 2056 0015 6010 0179 6125 </li></ul>



<ul class="wp-block-list"><li>Bizum donativu amb el codi 02335</li></ul>



<p>Envia el justificant al correu: <em>administracion@aif.org.es </em></p>

<p>Curs escolar: 2022/2023Línia estratègica: Pla 20-24 1 Metodologies i avaluació competencials i inclusivesModalitat: Activitat puntual de formacióÀmbit: AutonòmicÀrea: Atenció a la diversitatForma de participació: A distància, online.Hores totals: 8Cost: 20 eurosCalendari i horari: 23 i 30 setembre, divendres 16-20 h Objectius: Conèixer les característiques generals de l´alumnat TEA i en particular lesrelacionades amb la socialització.… <span class="read-more"><a href="https://www.aif.org.es/?page_id=409">Leer más &raquo;</a></span></p>
